{"id":6,"date":"2021-12-01T09:51:08","date_gmt":"2021-12-01T09:51:08","guid":{"rendered":"https:\/\/gutleut.org\/schoen28\/?page_id=6"},"modified":"2022-04-07T05:56:25","modified_gmt":"2022-04-07T05:56:25","slug":"create-your-website-with-blocks","status":"publish","type":"page","link":"https:\/\/gutleut.org\/schoen28\/","title":{"rendered":"Willkommen im Initiativenladen Sch\u00f6n28"},"content":{"rendered":"\n<h2 class=\"alignwide has-text-align-wide has-gigantic-font-size wp-block-heading\" style=\"line-height:1.1\">Sch\u00f6nstr. 28, Frankfurt-Gutleut<\/h2>\n\n\n\n<figure class=\"wp-block-image size-large\"><img loading=\"lazy\" decoding=\"async\" width=\"1024\" height=\"768\" src=\"https:\/\/gutleut.org\/schoen28\/wp-content\/uploads\/2022\/01\/IMG_20211226_schoen28-1024x768.jpg\" alt=\"\" class=\"wp-image-72\" srcset=\"https:\/\/gutleut.org\/schoen28\/wp-content\/uploads\/2022\/01\/IMG_20211226_schoen28-1024x768.jpg 1024w, https:\/\/gutleut.org\/schoen28\/wp-content\/uploads\/2022\/01\/IMG_20211226_schoen28-300x225.jpg 300w, https:\/\/gutleut.org\/schoen28\/wp-content\/uploads\/2022\/01\/IMG_20211226_schoen28-768x576.jpg 768w, https:\/\/gutleut.org\/schoen28\/wp-content\/uploads\/2022\/01\/IMG_20211226_schoen28-1536x1152.jpg 1536w, https:\/\/gutleut.org\/schoen28\/wp-content\/uploads\/2022\/01\/IMG_20211226_schoen28-2048x1536.jpg 2048w\" sizes=\"auto, (max-width: 1024px) 100vw, 1024px\" \/><\/figure>\n\n\n\n<p class=\"has-medium-font-size\"><strong>\u201eSch\u00f6n 28 \u2013 der Initiativenladen\u201c<\/strong> ist ein Platz f\u00fcr viele: F\u00fcr Menschen, die etwas ver\u00e4ndern wollen, die ihren Stadtteil, ihre Stadt und die Gesellschaft insgesamt selbst gestalten wollen. Die \u201eSch\u00f6n 28\u201c ist ein Ort f\u00fcr Sozialist*innen, Kommunist*innen, Anarchist*innen, Antifaschist*innen und Friedensk\u00e4mpfer*innen, f\u00fcr alle Menschen, die sich einsetzen wollen, einsetzen f\u00fcr ihre Interessen und f\u00fcr die ihrer Mitmenschen, die die Zust\u00e4nde hier nicht einfach hinnehmen wollen, sondern gemeinsam und solidarisch f\u00fcr eine bessere Welt k\u00e4mpfen. <\/p>\n\n\n\n<p class=\"has-medium-font-size\">Mit all denen wollen wir diesen Raum gemeinsam nutzen. Das hei\u00dft auch: Die \u201eSch\u00f6n 28\u201c ist kein Ort f\u00fcr Rassismus, Faschismus und Sexismus.<\/p>\n\n\n\n<h2 class=\"wp-block-heading\">Das Schaufenster:<\/h2>\n\n\n<ul class=\"wp-block-latest-posts__list has-dates wp-block-latest-posts\"><li><div class=\"wp-block-latest-posts__featured-image\"><img loading=\"lazy\" decoding=\"async\" width=\"1024\" height=\"768\" src=\"https:\/\/gutleut.org\/schoen28\/wp-content\/uploads\/2022\/04\/signal-2022-04-06-123432_001-1024x768.jpeg\" class=\"attachment-large size-large wp-post-image\" alt=\"\" style=\"\" srcset=\"https:\/\/gutleut.org\/schoen28\/wp-content\/uploads\/2022\/04\/signal-2022-04-06-123432_001-1024x768.jpeg 1024w, https:\/\/gutleut.org\/schoen28\/wp-content\/uploads\/2022\/04\/signal-2022-04-06-123432_001-300x225.jpeg 300w, https:\/\/gutleut.org\/schoen28\/wp-content\/uploads\/2022\/04\/signal-2022-04-06-123432_001-768x576.jpeg 768w, https:\/\/gutleut.org\/schoen28\/wp-content\/uploads\/2022\/04\/signal-2022-04-06-123432_001-1536x1152.jpeg 1536w, https:\/\/gutleut.org\/schoen28\/wp-content\/uploads\/2022\/04\/signal-2022-04-06-123432_001.jpeg 2048w\" sizes=\"auto, (max-width: 1024px) 100vw, 1024px\" \/><\/div><a class=\"wp-block-latest-posts__post-title\" href=\"https:\/\/gutleut.org\/schoen28\/index.php\/2022\/04\/07\/antimilitaristische-raddemo-beim-ostermarsch-2022\/\">Antimilitaristische Raddemo beim Ostermarsch 2022<\/a><time datetime=\"2022-04-07T05:29:58+00:00\" class=\"wp-block-latest-posts__post-date\">7. April 2022<\/time><div class=\"wp-block-latest-posts__post-excerpt\">Die Waffen nieder! Stoppt den Krieg in der Ukraine! Von der BAFA\/Eschborn zum R\u00f6mer\/Frankfurt Ostermarsch auf R\u00e4dernMontag, 18. April 2022, 10:30 UhrBAFA, Frankfurter Stra\u00dfe, Eschborn Der Angriffskrieg des russischen Staates auf die Ukraine ist eine Katastrophe \u2013 f\u00fcr die Menschen in der Ukraine, die vor den Kampfhandlungen fliehen m\u00fcssen, f\u00fcr Menschen, die aufgrund von Hautfarbe\u2026\u00a0<a class=\"wp-block-latest-posts__read-more\" href=\"https:\/\/gutleut.org\/schoen28\/index.php\/2022\/04\/07\/antimilitaristische-raddemo-beim-ostermarsch-2022\/\" rel=\"noopener noreferrer\"><span class=\"screen-reader-text\">Antimilitaristische Raddemo beim Ostermarsch 2022 <\/span>weiterlesen<\/a><\/div><\/li>\n<\/ul>\n\n\n<div class=\"wp-block-columns alignwide are-vertically-aligned-center is-style-twentytwentyone-columns-overlap is-layout-flex wp-container-core-columns-is-layout-9d6595d7 wp-block-columns-is-layout-flex\">\n<div class=\"wp-block-column is-vertically-aligned-center is-layout-flow wp-block-column-is-layout-flow\">\n<figure class=\"wp-block-image alignfull size-full\"><img loading=\"lazy\" decoding=\"async\" width=\"829\" height=\"570\" src=\"https:\/\/gutleut.org\/schoen28\/wp-content\/uploads\/2021\/12\/Meyers5_Frankfurt_Gutleut.png\" alt=\"\" class=\"wp-image-26\" srcset=\"https:\/\/gutleut.org\/schoen28\/wp-content\/uploads\/2021\/12\/Meyers5_Frankfurt_Gutleut.png 829w, https:\/\/gutleut.org\/schoen28\/wp-content\/uploads\/2021\/12\/Meyers5_Frankfurt_Gutleut-300x206.png 300w, https:\/\/gutleut.org\/schoen28\/wp-content\/uploads\/2021\/12\/Meyers5_Frankfurt_Gutleut-768x528.png 768w\" sizes=\"auto, (max-width: 829px) 100vw, 829px\" \/><\/figure>\n<\/div>\n<\/div>\n\n\n\n<div class=\"wp-block-columns alignwide are-vertically-aligned-top is-layout-flex wp-container-core-columns-is-layout-9d6595d7 wp-block-columns-is-layout-flex\">\n<div class=\"wp-block-column is-vertically-aligned-top is-layout-flow wp-block-column-is-layout-flow\">\n<h3 class=\"wp-block-heading\">Sch\u00f6n28 &#8211; initiativ<\/h3>\n\n\n\n<p>Block patterns are pre-designed groups of blocks. To add one, select the Add Block button [+] in the toolbar at the top of the editor. Switch to the Patterns tab underneath the search bar, and choose a pattern.<\/p>\n<\/div>\n\n\n\n<div class=\"wp-block-column is-vertically-aligned-top is-layout-flow wp-block-column-is-layout-flow\">\n<h3 class=\"wp-block-heading\">Sch\u00f6n28 &#8211; Der Raum<\/h3>\n\n\n\n<p>Twenty Twenty-One includes stylish borders for your content. With an Image block selected, open the &#8222;Styles&#8220; panel within the Editor sidebar. Select the &#8222;Frame&#8220; block style to activate it.<\/p>\n<\/div>\n\n\n\n<div class=\"wp-block-column is-vertically-aligned-top is-layout-flow wp-block-column-is-layout-flow\">\n<h3 class=\"wp-block-heading\">Sch\u00f6n28 &#8211; Die Gruppen<\/h3>\n\n\n\n<p>Twenty Twenty-One also includes an overlap style for column blocks. With a Columns block selected, open the &#8222;Styles&#8220; panel within the Editor sidebar. Choose the &#8222;Overlap&#8220; block style to try it out.<\/p>\n<\/div>\n<\/div>\n","protected":false},"excerpt":{"rendered":"<p>Sch\u00f6nstr. 28, Frankfurt-Gutleut \u201eSch\u00f6n 28 \u2013 der Initiativenladen\u201c ist ein Platz f\u00fcr viele: F\u00fcr Menschen, die etwas ver\u00e4ndern wollen, die ihren Stadtteil, ihre Stadt und die Gesellschaft insgesamt selbst gestalten wollen. Die \u201eSch\u00f6n 28\u201c ist ein Ort f\u00fcr Sozialist*innen, Kommunist*innen, Anarchist*innen, Antifaschist*innen und Friedensk\u00e4mpfer*innen, f\u00fcr alle Menschen, die sich einsetzen wollen, einsetzen f\u00fcr ihre Interessen [&hellip;]<\/p>\n","protected":false},"author":1,"featured_media":0,"parent":0,"menu_order":0,"comment_status":"closed","ping_status":"closed","template":"","meta":{"footnotes":""},"class_list":["post-6","page","type-page","status-publish","hentry"],"yoast_head":"<!-- This site is optimized with the Yoast SEO plugin v19.7.1 - https:\/\/yoast.com\/wordpress\/plugins\/seo\/ -->\n<title>Willkommen im Initiativenladen Sch\u00f6n28 - Sch\u00f6n28 - der Initiativenladen<\/title>\n<meta name=\"robots\" content=\"index, follow, max-snippet:-1, max-image-preview:large, max-video-preview:-1\" \/>\n<link rel=\"canonical\" href=\"https:\/\/gutleut.org\/schoen28\/\" \/>\n<meta property=\"og:locale\" content=\"de_DE\" \/>\n<meta property=\"og:type\" content=\"article\" \/>\n<meta property=\"og:title\" content=\"Willkommen im Initiativenladen Sch\u00f6n28 - Sch\u00f6n28 - der Initiativenladen\" \/>\n<meta property=\"og:description\" content=\"Sch\u00f6nstr. 28, Frankfurt-Gutleut \u201eSch\u00f6n 28 \u2013 der Initiativenladen\u201c ist ein Platz f\u00fcr viele: F\u00fcr Menschen, die etwas ver\u00e4ndern wollen, die ihren Stadtteil, ihre Stadt und die Gesellschaft insgesamt selbst gestalten wollen. Die \u201eSch\u00f6n 28\u201c ist ein Ort f\u00fcr Sozialist*innen, Kommunist*innen, Anarchist*innen, Antifaschist*innen und Friedensk\u00e4mpfer*innen, f\u00fcr alle Menschen, die sich einsetzen wollen, einsetzen f\u00fcr ihre Interessen [&hellip;]\" \/>\n<meta property=\"og:url\" content=\"https:\/\/gutleut.org\/schoen28\/\" \/>\n<meta property=\"og:site_name\" content=\"Sch\u00f6n28 - der Initiativenladen\" \/>\n<meta property=\"article:modified_time\" content=\"2022-04-07T05:56:25+00:00\" \/>\n<meta property=\"og:image\" content=\"https:\/\/gutleut.org\/schoen28\/wp-content\/uploads\/2022\/01\/IMG_20211226_schoen28-1024x768.jpg\" \/>\n<meta name=\"twitter:card\" content=\"summary_large_image\" \/>\n<meta name=\"twitter:label1\" content=\"Gesch\u00e4tzte Lesezeit\" \/>\n\t<meta name=\"twitter:data1\" content=\"2\u00a0Minuten\" \/>\n<script type=\"application\/ld+json\" class=\"yoast-schema-graph\">{\"@context\":\"https:\/\/schema.org\",\"@graph\":[{\"@type\":\"WebPage\",\"@id\":\"https:\/\/gutleut.org\/schoen28\/\",\"url\":\"https:\/\/gutleut.org\/schoen28\/\",\"name\":\"Willkommen im Initiativenladen Sch\u00f6n28 - Sch\u00f6n28 - der Initiativenladen\",\"isPartOf\":{\"@id\":\"https:\/\/gutleut.org\/schoen28\/#website\"},\"datePublished\":\"2021-12-01T09:51:08+00:00\",\"dateModified\":\"2022-04-07T05:56:25+00:00\",\"breadcrumb\":{\"@id\":\"https:\/\/gutleut.org\/schoen28\/#breadcrumb\"},\"inLanguage\":\"de\",\"potentialAction\":[{\"@type\":\"ReadAction\",\"target\":[\"https:\/\/gutleut.org\/schoen28\/\"]}]},{\"@type\":\"BreadcrumbList\",\"@id\":\"https:\/\/gutleut.org\/schoen28\/#breadcrumb\",\"itemListElement\":[{\"@type\":\"ListItem\",\"position\":1,\"name\":\"Startseite\",\"item\":\"https:\/\/gutleut.org\/schoen28\/\"},{\"@type\":\"ListItem\",\"position\":2,\"name\":\"Willkommen im Initiativenladen Sch\u00f6n28\"}]},{\"@type\":\"WebSite\",\"@id\":\"https:\/\/gutleut.org\/schoen28\/#website\",\"url\":\"https:\/\/gutleut.org\/schoen28\/\",\"name\":\"Sch\u00f6n28 - der Initiativenladen\",\"description\":\"links.unten.bewegt\",\"potentialAction\":[{\"@type\":\"SearchAction\",\"target\":{\"@type\":\"EntryPoint\",\"urlTemplate\":\"https:\/\/gutleut.org\/schoen28\/?s={search_term_string}\"},\"query-input\":\"required name=search_term_string\"}],\"inLanguage\":\"de\"}]}<\/script>\n<!-- \/ Yoast SEO plugin. -->","yoast_head_json":{"title":"Willkommen im Initiativenladen Sch\u00f6n28 - Sch\u00f6n28 - der Initiativenladen","robots":{"index":"index","follow":"follow","max-snippet":"max-snippet:-1","max-image-preview":"max-image-preview:large","max-video-preview":"max-video-preview:-1"},"canonical":"https:\/\/gutleut.org\/schoen28\/","og_locale":"de_DE","og_type":"article","og_title":"Willkommen im Initiativenladen Sch\u00f6n28 - Sch\u00f6n28 - der Initiativenladen","og_description":"Sch\u00f6nstr. 28, Frankfurt-Gutleut \u201eSch\u00f6n 28 \u2013 der Initiativenladen\u201c ist ein Platz f\u00fcr viele: F\u00fcr Menschen, die etwas ver\u00e4ndern wollen, die ihren Stadtteil, ihre Stadt und die Gesellschaft insgesamt selbst gestalten wollen. Die \u201eSch\u00f6n 28\u201c ist ein Ort f\u00fcr Sozialist*innen, Kommunist*innen, Anarchist*innen, Antifaschist*innen und Friedensk\u00e4mpfer*innen, f\u00fcr alle Menschen, die sich einsetzen wollen, einsetzen f\u00fcr ihre Interessen [&hellip;]","og_url":"https:\/\/gutleut.org\/schoen28\/","og_site_name":"Sch\u00f6n28 - der Initiativenladen","article_modified_time":"2022-04-07T05:56:25+00:00","og_image":[{"url":"https:\/\/gutleut.org\/schoen28\/wp-content\/uploads\/2022\/01\/IMG_20211226_schoen28-1024x768.jpg"}],"twitter_card":"summary_large_image","twitter_misc":{"Gesch\u00e4tzte Lesezeit":"2\u00a0Minuten"},"schema":{"@context":"https:\/\/schema.org","@graph":[{"@type":"WebPage","@id":"https:\/\/gutleut.org\/schoen28\/","url":"https:\/\/gutleut.org\/schoen28\/","name":"Willkommen im Initiativenladen Sch\u00f6n28 - Sch\u00f6n28 - der Initiativenladen","isPartOf":{"@id":"https:\/\/gutleut.org\/schoen28\/#website"},"datePublished":"2021-12-01T09:51:08+00:00","dateModified":"2022-04-07T05:56:25+00:00","breadcrumb":{"@id":"https:\/\/gutleut.org\/schoen28\/#breadcrumb"},"inLanguage":"de","potentialAction":[{"@type":"ReadAction","target":["https:\/\/gutleut.org\/schoen28\/"]}]},{"@type":"BreadcrumbList","@id":"https:\/\/gutleut.org\/schoen28\/#breadcrumb","itemListElement":[{"@type":"ListItem","position":1,"name":"Startseite","item":"https:\/\/gutleut.org\/schoen28\/"},{"@type":"ListItem","position":2,"name":"Willkommen im Initiativenladen Sch\u00f6n28"}]},{"@type":"WebSite","@id":"https:\/\/gutleut.org\/schoen28\/#website","url":"https:\/\/gutleut.org\/schoen28\/","name":"Sch\u00f6n28 - der Initiativenladen","description":"links.unten.bewegt","potentialAction":[{"@type":"SearchAction","target":{"@type":"EntryPoint","urlTemplate":"https:\/\/gutleut.org\/schoen28\/?s={search_term_string}"},"query-input":"required name=search_term_string"}],"inLanguage":"de"}]}},"_links":{"self":[{"href":"https:\/\/gutleut.org\/schoen28\/index.php\/wp-json\/wp\/v2\/pages\/6","targetHints":{"allow":["GET"]}}],"collection":[{"href":"https:\/\/gutleut.org\/schoen28\/index.php\/wp-json\/wp\/v2\/pages"}],"about":[{"href":"https:\/\/gutleut.org\/schoen28\/index.php\/wp-json\/wp\/v2\/types\/page"}],"author":[{"embeddable":true,"href":"https:\/\/gutleut.org\/schoen28\/index.php\/wp-json\/wp\/v2\/users\/1"}],"replies":[{"embeddable":true,"href":"https:\/\/gutleut.org\/schoen28\/index.php\/wp-json\/wp\/v2\/comments?post=6"}],"version-history":[{"count":9,"href":"https:\/\/gutleut.org\/schoen28\/index.php\/wp-json\/wp\/v2\/pages\/6\/revisions"}],"predecessor-version":[{"id":103,"href":"https:\/\/gutleut.org\/schoen28\/index.php\/wp-json\/wp\/v2\/pages\/6\/revisions\/103"}],"wp:attachment":[{"href":"https:\/\/gutleut.org\/schoen28\/index.php\/wp-json\/wp\/v2\/media?parent=6"}],"curies":[{"name":"wp","href":"https:\/\/api.w.org\/{rel}","templated":true}]}}